 what is -a - -1046?
103a
In base 7, what is 4 + -264401?
-264364
In base 15, what is -3bda - 1?
-3bdb
In base 13, what is 9 + -4384?
-4378
In base 10, what is 101044 - -3?
101047
In base 12, what is -2b + -1916?
-1945
In base 9, what is -331 - 2128?
-2460
In base 15, what is a8c - 8d?
9ee
In base 15, what is -d21c - 5?
-d222
In base 14, what is -92 - 2a?
-bc
In base 3, what is 1020011 - -1220022?
10010110
In base 2, what is 1 - -1101111011011?
1101111011100
In base 6, what is 214224 + 45?
214313
In base 5, what is -3234 + 124?
-3110
In base 7, what is -101 - 11665?
-12066
In base 6, what is 3 - -131404?
131411
In base 8, what is -1276404 - -4?
-1276400
In base 13, what is -a8a + -6?
-a93
In base 4, what is 201312 - 201?
201111
In base 10, what is 4 + 216094?
216098
In base 12, what is 3 + 2469aa?
2469b1
In base 2, what is -1 + -1110101111101110?
-1110101111101111
In base 3, what is 12002122112 - 10?
12002122102
In base 16, what is 30b - -835?
b40
In base 3, what is -10210201 - 20?
-10210221
In base 8, what is -2 + -346675?
-346677
In base 15, what is -8 + 508?
500
In base 13, what is -289 - 23?
-2ac
In base 6, what is -45433100 - 3?
-45433103
In base 7, what is 4035 + -140?
3565
In base 5, what is -100 + 13204?
13104
In base 12, what is 2 + -82b878?
-82b876
In base 14, what is -4 + -dd152?
-dd156
In base 10, what is -49719 - -3?
-49716
In base 13, what is -982b - 5c?
-988a
In base 6, what is -15313003 + -2?
-15313005
In base 16, what is 1106 + 29?
112f
In base 16, what is 9f571 - 5?
9f56c
In base 9, what is -160 - 10487?
-10657
In base 13, what is -bb1 + -128?
-1009
In base 12, what is 53b + 90a?
1249
In base 15, what is 3d - 7?
36
In base 11, what is 30 - -140729?
140759
In base 16, what is -160a91 - 1?
-160a92
In base 2, what is -1110000010 - 1111100?
-1111111110
In base 13, what is 7a - 25a?
-1b0
In base 14, what is 4 - -b0bc?
b0c2
In base 10, what is 202972 - 1?
202971
In base 7, what is -12 + -551521?
-551533
In base 6, what is 34 + 511323?
511401
In base 10, what is 4606585 + -3?
4606582
In base 7, what is 0 - -1412034?
1412034
In base 4, what is 33000 - 22?
32312
In base 10, what is -16948 + -460?
-17408
In base 16, what is 4a + -532?
-4e8
In base 16, what is 1433c2 - -5?
1433c7
In base 4, what is -30321200 - -1?
-30321133
In base 14, what is -12 - -264?
252
In base 9, what is 1638 + -60?
1568
In base 12, what is 0 - 127707?
-127707
In base 12, what is 4 + 839ab?
839b3
In base 2, what is -1111000100000 - -1?
-1111000011111
In base 9, what is -121701 + -3?
-121704
In base 12, what is -5 - 560b2?
-560b7
In base 6, what is -100 + 3144?
3044
In base 13, what is 2455 - 3?
2452
In base 4, what is -13120002 + 3?
-13113333
In base 4, what is 33 - -112313200?
112313233
In base 13, what is c + -8739?
-872a
In base 13, what is -2031a + c?
-2030b
In base 3, what is 21012201111210 + 12?
21012201111222
In base 12, what is -7517 - 24?
-753b
In base 7, what is -61 + 30045?
26654
In base 16, what is -119 + 10c?
-d
In base 13, what is 0 - 3a48?
-3a48
In base 12, what is -16 + b68?
b52
In base 14, what is 52593 + 2?
52595
In base 9, what is -57171 - 0?
-57171
In base 12, what is -1 + 16a2b8?
16a2b7
In base 16, what is 73f83 - 2?
73f81
In base 6, what is 2241 + -30?
2211
In base 11, what is -28328 - 68?
-28395
In base 14, what is 4dad3 + 2?
4dad5
In base 6, what is 132 + 4?
140
In base 10, what is 7 + 7066?
7073
In base 8, what is -75 + -51150?
-51245
In base 3, what is 2200110 + -222?
2122111
In base 9, what is 5 - -8806?
8812
In base 7, what is 4 - 4152?
-4145
In base 7, what is -3333 + 510?
-2523
In base 14, what is -46d - -3?
-46a
In base 7, what is 2 + -1565360?
-1565355
In base 14, what is 74 - 95?
-21
In base 15, what is 1a + -100e?
-ee4
In base 2, what is -11000101 - 10100010101?
-10111011010
In base 12, what is 3b - -1646?
1685
In base 8, what is 1 - -535377?
535400
In base 13, what is 5 + -5024a?
-50245
In base 2, what is 100010000010 + -1111100?
100000000110
In base 14, what is -669b - -3?
-6698
In base 10, what is 4 - -25835?
25839
In base 2, what is -1000011000000111110 + 100?
-1000011000000111010
In base 14, what is -25 - 2150?
-2175
In base 8, what is 52045 - -37?
52104
In base 16, what is -f52 - 29?
-f7b
In base 4, what is -11 + -10330231?
-10330302
In base 13, what is -565 + 132?
-433
In base 9, what is -277 + -313?
-601
In base 16, what is -28ad + -4?
-28b1
In base 6, what is -33204 - 44?
-33252
In base 16, what is 186e46 + 0?
186e46
In base 3, what is 1200021110 + -1?
1200021102
In base 5, what is 10 + 12032140?
12032200
In base 14, what is -3004d - -13?
-3003a
In base 15, what is -6 - -16411?
1640a
In base 13, what is -5532b - 3?
-55331
In base 11, what is 65462 - 12?
65450
In base 9, what is 8 - -182522?
182531
In base 4, what is 10 + -1100102001?
-1100101331
In base 3, what is -11 - 11221100?
-11221111
In base 6, what is 4455022 - -2?
4455024
In base 9, what is 81448 + -5?
81443
In base 4, what is -3233 + 11101?
1202
In base 10, what is 272845 - -2?
272847
In base 15, what is 5 - 16655?
-16650
In base 8, what is -100132 + -10?
-100142
In base 3, what is -10020 - -12020201?
12010111
In base 15, what is -1740 + -3?
-1743
In base 9, what is 61330 - 0?
61330
In base 7, what is -4 + 656533?
656526
In base 4, what is 3200 + 120333?
130133
In base 3, what is -1100122000 + -101?
-1100122101
In base 4, what is 11230 - 2313113?
-2301223
In base 5, what is -31 - -13030302?
13030221
In base 6, what is 2 - -131324?
131330
In base 15, what is a1c66 - -5?
a1c6b
In base 8, what is -321144 - -4?
-321140
In base 3, what is 2 - -222110010?
222110012
In base 7, what is -1352 - 1166?
-2551
In base 16, what is -6431 + c?
-6425
In base 5, what is -1 - -1103323?
1103322
In base 8, what is 1 - -16573?
16574
In base 15, what is -1874a + e?
-1873b
In base 11, what is -4066 + 42?
-4024
In base 14, what is 4 + c95?
c99
In base 3, what is -110101121 - 1?
-110101122
In base 16, what is 25c2b - -5?
25c30
In base 11, what is -2 + 32702?
32700
In base 15, what is 18ba - -7?
18c2
In base 9, what is 1587 - -4555?
6253
In base 6, what is 10142 + 552?
11134
In base 3, what is -21020110 - 221?
-21021101
In base 7, what is 20 - 34506?
-34456
In base 9, what is -4 + 258?
254
In base 15, what is 35e - -c4?
433
In base 10, what is -5918 + -21?
-5939
In base 14, what is 1 + 25b?
25c
In base 5, what is 1024 - -44212?
100241
In base 9, what is -4 - -76210?
76205
In base 6, what is 25 - -542040?
542105
In base 3, what is 1212 - 10121020?
-10112101
In base 9, what is -2 + -7886?
-7888
In base 6, what is 2 + 305413?
305415
In base 14, what is 1 + -4146?
-4145
In base 12, what is -860 + -13?
-873
In base 3, what is -2 + -1111101222?
-1111102001
In base 16, what is 593 - -e9c?
142f
In base 16, what is 1 + 57fe?
57ff
In base 11, what is 383 - -182?
555
In base 10, what is -9 - -9859?
9850
In base 5, what is -1 - -12324112?
12324111
In base 3, what is 1121 - 2212220?
-2211022
In base 6, what is -21 - 3434044?
-3434105
In base 3, what is -100220122011 - 1?
-100220122012
In base 12, what is 3b2 + 29?
41b
In base 8, what is 2 - 21542?
-21540
In base 4, what is -110 - 2120123?
-2120233
In base 5, what is -13 + -4302411?
-4302424
In base 6, what is -11053141 + -4?
-11053145
In base 6, what is -12155034 + 4?
-12155030
In base 13, what is -2611 + 0?
-2611
In base 16, what is -1b + -44a?
-465
In base 4, what is -11221032 + 1?
-11221031
In base 16, what is -999 - -5?
-994
In base 7, what is -6 - -244511?
244502
In base 16, what is -6 + -4fc2?
-4fc8
In base 5, what is -31 - -4410?
4324
In base 4, what is -2030332 - -110?
-2030222
In base 9, what is 4 + -34604?
-34600
In base 11, what is 2735 - -110?
2845
In base 13, what is -64c2 - 7a?
-656c
In base 14, what is -3 - -3337c?
33379
In base 8, what is -16 - -1177427?
1177411
In base 2, what is 1 + 110101010100011011?
110101010100011100
In base 7, what is 2362 - -101?
2463
In base 11, what is a34 - -2?
a36
In base 11, what is -8 + 13896?
13889
In base 15, what is -169 - -bd?
-9b
In base 16, what is -2c6 + 60?
-266
In base 8, what is 2 - 2332235?
-2332233
In base 13, what is -18162 - 10?
-18172
In base 6, what is -11015345 - -2?
-11015343
In base 5, what is 14343 + -314?
14024
In base 16, what is 142e - 5a?
13d4
In base 5, what is -2334042 + -12